er when f is divided by 46?
12
Let g = 108 - 94. What is the remainder when 51 is divided by g?
9
Let p(y) = 40*y + 209. What is the remainder when p(0) is divided by 43?
37
Let i = -157 + 291. Suppose 4*d = -0*d, -2*r - 3*d + i = 0. What is the remainder when r is divided by 14?
11
Suppose 0 = 42*h - 45*h - 42. Let z = h + 44. Calculate the remainder when z is divided by 3.
0
Suppose 40*r - 35*r = 270. Calculate the remainder when 104 is divided by r.
50
Calculate the remainder when 98 is divided by 2 + ((-3)/(-5) - 452/(-5)).
5
Let r = 15740 - 15715. Suppose 2*z - 96 = 4*i, -z + 0*i + i = -47. Calculate the remainder when z is divided by r.
21
Let l be ((-5)/(-10))/(2/(-4)). Calculate the remainder when 8 is divided by -12*l/(4 + -1).
0
Suppose 135 = 6*z - z. Suppose v - 4 = -3*k + 42, 0 = 3*v + 6. Calculate the remainder when z is divided by k.
11
Suppose -3*d - 19 = -5*w, -19 = -3*w + 3*d - 5*d. Suppose 0 = 4*p - 41 - 47. Calculate the remainder when p is divided by w.
2
Let x = -612 - -792. Calculate the remainder when x is divided by 5.
0
Suppose 0 = 2*y - 2*t - 29 + 9, 0 = 5*t + 20. Let u(o) = o**2 - 2*o + 2. Calculate the remainder when u(y) is divided by 14.
12
Suppose w - 75 = -4*w. What is the remainder when 42/9*(36 + -30) is divided by w?
13
Let s = 221 - 206. Calculate the remainder when s is divided by 13.
2
Let j = 10 - -4. Suppose 0 = -2*u + 4*v + 48, 5*u + 5*v - 152 = -17. What is the remainder when u is divided by j?
12
Let b(c) = c**2 - 5*c - 4. Let p(r) = -3*r + 4. Let s(l) = -6*l + 9. Let o(u) = 11*p(u) - 6*s(u). What is the remainder when b(9) is divided by o(7)?
10
Suppose 5*c = -0*c + 65. Suppose -2*z + 2 + 5 = -m, -5*z = 3*m + 32. Calculate the remainder when m/12 + 441/12 is divided by c.
10
Let g(t) = t - 13. Let l be g(-7). Let z = 39 + l. What is the remainder when 34 is divided by z?
15
Suppose -3*g - 7*d + 22 = -3*d, 5*g - 2*d = 28. Let o be (2 - 0)*12/g. Let y = o + 7. Calculate the remainder when 20 is divided by y.
9
Let f(h) = -2*h**2 + 24*h - 42. Let k be f(16). Let s = k - -330. Calculate the remainder when s is divided by 23.
22
Let l = -7 - -15. Suppose 3*v = -4*h + l, -3 + 13 = 5*h + v. Let b = 5 + -2. Calculate the remainder when b is divided by h.
1
Suppose -25*d + 234 = -41. What is the remainder when 348 is divided by d?
7
Suppose -19*o = -16*o - 6, 2*p = 5*o + 80. What is the remainder when 176 is divided by p?
41
Calculate the remainder when (-1101)/(-3)*(-6 + (6 - -1)) is divided by 122.
1
Let q(u) = -u - 6. Let d be q(-9). Suppose -4*a + 5*a = d*f + 12, -a = 2*f - 22. Calculate the remainder when a is divided by 4.
2
Let d be -3*4*(-11)/4. Let u(t) = t**3 - 3*t**2 - t - 9. Let m be u(4). Suppose 6 = 3*z, z = o + m*z - d. Calculate the remainder when o is divided by 8.
5
Calculate the remainder when 181 is divided by (1392/(-145))/(3/(-10)).
21
Let d(l) = -23*l - 82. What is the remainder when 1679 is divided by d(-4)?
9
Suppose 5*r + 4*v - 131 = 3*v, v = 4*r - 103. Suppose r*k - 23 = 25*k. What is the remainder when 182 is divided by k?
21
Suppose w - 5*w + 12 = 0. Let z(g) = 1 + g**3 + 5*g**2 - w + 3 + 3 + 2*g. What is the remainder when 28 is divided by z(-3)?
12
Let b(r) = -9*r + 39. Let v(c) = -c + 5. Let n(f) = -4*b(f) + 33*v(f). Let p be n(-3). Calculate the remainder when 83 is divided by p - ((-14 - -2) + -2).
13
Suppose 4*i = 5*a + 166, -11*i - 5*a + 54 = -10*i. Calculate the remainder when 341 is divided by i.
33
Calculate the remainder when (778/1 + -9)*(5 + -4) is divided by 155.
149
Suppose 438 = -6*k + 528. Calculate the remainder when 521 is divided by k.
11
Suppose -5*l = 3*d - 41, 0 = -4*l + 4*d - 2*d + 24. Suppose -338 - l = -5*u. What is the remainder when u is divided by 14?
13
Let v = 128 - 125. Suppose -3*w = -c - 4*c - 46, -2*c - 49 = -v*w. What is the remainder when (1*-2)/((-4)/134) is divided by w?
16
Let k(t) = -t**3 + 4*t**2 - 4. Let w = -121 + 84. Let i = 45 + w. What is the remainder when i is divided by k(3)?
3
Suppose -83 - 93 = -4*b. What is the remainder when 305 is divided by b?
41
Let w(z) = -z**2 + 1 + 0*z**3 - 3*z**3 + 8*z**3. Let h(m) = m**3 + 4*m**2 - 7*m + 3. What is the remainder when w(2) is divided by h(-5)?
11
Suppose -5 - 29 = -4*d + 3*v, -d + 3*v = -13. Suppose 2*x = -m + 8, 2*m - 5*x - d = -0*x. What is the remainder when 28 is divided by m?
4
Suppose 7*x = -430 + 507. Let r be ((-18)/(-15))/((-4)/(-10)). Suppose 11 = r*o - 1. What is the remainder when x is divided by o?
3
Let z be 0 + -4 + (-16)/(-2). Suppose 16 = z*f, -x + 4*f = -5*x + 144. Calculate the remainder when 135/4 - (-8)/x is divided by 19.
15
Let k(l) be the third derivative of -1/120*l**6 + 0*l + 0 + 5/24*l**4 - 1/15*l**5 - 12*l**2 + 5/6*l**3. Calculate the remainder when 9 is divided by k(-5).
4
Let p = 42 + 8. Suppose -8*x + 1169 = -x. Suppose 2*u = -141 + x. Calculate the remainder when p is divided by u.
11
Let h = 123 - -76. What is the remainder when h is divided by 20?
19
Let q(y) = -y**3 + 6*y**2 - 6*y. Let f(o) = 2*o**2 - o**2 - 4*o - 15 + 12. What is the remainder when f(8) is divided by q(4)?
5
Let g(a) = -a**2 + 10*a + 9. What is the remainder when g(9) is divided by 12/2 + 4 + -5?
3
Suppose 0 = -10*i + 1192 + 68. Calculate the remainder when i is divided by 30.
6
Let u(n) = 3*n**3 - 2*n**2 - 3*n + 47. What is the remainder when u(6) is divided by 101?
100
Let y(i) be the second derivative of i**4/3 - 3*i**3/2 + 3*i**2 + 4*i. Calculate the remainder when 135 is divided by y(4).
33
Suppose -j + 9 = y, 0 = -y - 4*y - 2*j + 54. Let h be (56/10 + -5)/(2/30). Let z = y + h. What is the remainder when z is divided by 11?
10
Suppose -90*a + 34683 = 12543. Calculate the remainder when a is divided by 30.
6
Let k(j) = j**2 - 28*j + 243. What is the remainder when k(18) is divided by 31?
1
Let s(x) = x**3 + 18*x**2 - 20*x - 27. Calculate the remainder when s(-18) is divided by 32.
13
Suppose 54*q - 69*q + 690 = 0. Calculate the remainder when 91 is divided by q.
45
Suppose 27 = 37*z - 28*z. What is the remainder when 9 is divided by z?
0
Suppose 0*z + 42 = 3*z + 3*h, 40 = 3*z + 5*h. Calculate the remainder when 48 is divided by z.
3
Suppose 5*p + 4*f = 20, p + 2*p + 5*f - 25 = 0. Suppose -s + p*s + 96 = 2*y, 4 = s. Calculate the remainder when y is divided by 17.
12
Let a = 367 - 257. Suppose -3*r + a = -22. Calculate the remainder when r is divided by 23.
21
Let r = -6 - -13. Suppose r*s = 2*s - 235. Let l = s - -83. What is the remainder when l is divided by 10?
6
Suppose 0 = -3*y + 8*y - 125. Suppose -4*r - 3*q + 79 = 0, r - 10*q + 9*q - 11 = 0. Calculate the remainder when y is divided by r.
9
Let j = 16 + 48. Let d(i) = i**3 - 7*i**2 + 9*i - 5. What is the remainder when j is divided by d(6)?
12
Suppose -3*j - 3*c = -180, -63 = -3*j + 3*c + 147. Let i = 82 - j. What is the remainder when 66 is divided by i?
15
Let n(l) = -l + 61. Let z(p) = -10*p + 103. What is the remainder when n(18) is divided by z(8)?
20
Let n be 1/(-4) + 237/(-12). Let p be (-1285)/n - 3/12. Suppose r + 5*c = -r + 64, 2*r - p = -2*c. Calculate the remainder when r is divided by 17.
15
Suppose 40*f - 66 = 34*f. Suppose 378 = f*j - 733. Calculate the remainder when j is divided by 17.
16
Let u be 5 + -1 + 1 + 208. Let v = -61 + u. Suppose -v = -7*x + 100. Calculate the remainder when x is divided by 13.
10
Suppose 7 = 4*w - 5. Suppose 0*x = w*l + 4*x + 215, 0 = 4*l - x + 255. Let v = 91 + l. What is the remainder when v is divided by 7?
5
Suppose -r = 5*b - 177, 4*b + r - 144 = -r. Let k = 14 + b. Let p = -21 + 47. What is the remainder when k is divided by p?
23
Let v = 3 + 2. Let h(n) = n**2 + 32*n + 275. Let m be h(-20). What is the remainder when 51 is divided by m/14*36/v?
15
Let y = -81 + 145. Suppose 2*h + 0 - 34 = 0. What is the remainder when y is divided by h?
13
Let w be 9*((0 - -1) + 2/(-3)). Suppose -4*k - w*a + 156 = 43, -39 = -2*k - 5*a. What is the remainder when 62 is divided by k?
30
Suppose -2*r + 5*j = 0, 0*r + 5*r + 3*j - 31 = 0. Suppose -3 = -u - 2*c + c, c = -r*u + 35. What is the remainder when 20 is divided by u?
4
Suppose -940 = 3*g + 2*z, -4*z + 937 = -5*g - 593. What is the remainder when 10 is divided by g/(-110) - (-4)/22?
1
Let v(q) = q**2 + 25*q + 55. Calculate the rema